-t**2 - 72*t - 274. Calculate p(-4).
-2
Let s(l) = l**3 - 10*l**2 + 12*l + 23. Give s(8).
-9
Let f(u) = -4*u**2 - 2*u + 6. Give f(-3).
-24
Let c(a) = a - 25. Give c(22).
-3
Let c(t) = 2*t**2 + 4*t. What is c(-3)?
6
Let p(i) = i**3 + 4*i**2 - 4*i + 7. Determine p(-5).
2
Let f(b) = -b**2 + 7*b + 1. Determine f(6).
7
Let p(l) = -l**3 - l**2 - l - 11. Calculate p(0).
-11
Let g(i) = -i**2 + 13*i + 22. What is g(15)?
-8
Let i(f) = -3*f + 3. Determine i(0).
3
Let a(n) = -8*n - 209. Determine a(-27).
7
Let r(c) = c**3 + 6*c**2 + 9*c + 8. What is r(-5)?
-12
Let t(u) = -38*u + 526. What is t(14)?
-6
Let z(l) = -l**2 - 9*l + 14. Give z(4).
-38
Let w(n) = n**2 - 17*n + 23. Determine w(13).
-29
Let u(y) = -y**2 - 2*y + 15. Determine u(-5).
0
Let j(p) = -p**2 - 8*p + 16. What is j(-9)?
7
Let g(t) = 7*t - 9. What is g(9)?
54
Let v(d) = 4*d - 5. Calculate v(3).
7
Let m(g) = -g**3 - 15*g**2 - 13*g + 18. Give m(-14).
4
Let u(r) = r**2 + 7. What is u(-5)?
32
Let f(j) = 7*j + 5. Give f(6).
47
Let z(q) = -2*q**3 + q**2 - 21*q + 22. Give z(1).
0
Let v(c) = -c**3 - 3*c**2 + 11*c + 8. Determine v(4).
-60
Let q(c) = -c**3 - 2*c**2 - 3*c - 1. Give q(-3).
17
Let v(h) = -94*h - 4. Calculate v(2).
-192
Let d(a) = a**3 - 11*a**2 + 4*a + 47. Determine d(10).
-13
Let t(d) = 3*d**2 - 5. Give t(-4).
43
Let n(p) = p - 6. Give n(15).
9
Let q(i) = -10*i + 100. Determine q(9).
10
Let b(n) = -16*n - 6. Determine b(2).
-38
Let n(h) = -2*h**3 + 23*h**2 - 10*h - 1. Give n(11).
10
Let q(w) = 2*w**2 - 9*w + 4. Give q(5).
9
Let o(g) = -g**3 - 3*g**2 - g - 2. Calculate o(-4).
18
Let y(h) = -14*h + 15. Determine y(4).
-41
Let o(r) = -2*r**2 - 57*r - 37. Calculate o(-28).
-9
Let a(j) = -j**3 - 5*j**2 + 7*j + 6. Calculate a(-7).
55
Let b(m) = 6*m - 27. What is b(13)?
51
Let s(d) = -22*d + 19. Calculate s(4).
-69
Let m(u) = u**3 - 2*u**2 - 5*u - 5. What is m(-1)?
-3
Let t(j) = 5*j + 56. Give t(-9).
11
Let x(g) = -7*g - 29. Give x(-7).
20
Let c(j) = -3*j**2 + 2*j - 4. Determine c(2).
-12
Let w(a) = -a**3 - 25*a**2 + 26*a + 44. What is w(-26)?
44
Let i(l) = -2*l**2 + 6*l - 2. What is i(4)?
-10
Let o(f) = f**2 + 15*f - 36. What is o(-15)?
-36
Let v(j) = -2*j**3 - 26*j**2 - 24*j + 12. Determine v(-12).
12
Let p(f) = -f**3 - 4*f**2 + 6*f + 3. Calculate p(-5).
-2
Let o(u) = u**3 - 7*u**2 - 8*u + 6. What is o(8)?
6
Let s(l) = l - 4. What is s(-12)?
-16
Let m(c) = -3*c**2 - 31*c - 4. Calculate m(-11).
-26
Let y(b) = -b**3 - b**2 + 19*b - 30. What is y(3)?
-9
Let b(m) = -m**2 - 18*m - 18. What is b(-13)?
47
Let d(l) = -18*l**3 - l**2 - 2*l - 1. Determine d(-1).
18
Let x(j) = -13*j + 13. Determine x(6).
-65
Let p(q) = 15*q**3 - 4*q**2 - 3*q + 5. Give p(1).
13
Let i(v) = 8*v**2 - v - 6. What is i(2)?
24
Let v(m) = -m + 3. What is v(4)?
-1
Let k(j) = -j**3 - 3*j**2 + 4*j - 3. Calculate k(-4).
-3
Let j(u) = -u**3 + 7*u**2 + 8*u + 7. Calculate j(8).
7
Let w(t) = -t**2 - 4*t - 7. Give w(7).
-84
Let x(c) = c**3 + 30*c**2 - 7*c - 206. What is x(-30)?
4
Let n(q) = -q**3 + 9*q**2 - q + 6. Determine n(9).
-3
Let u(g) = -g**2 + 12*g + 10. Determine u(7).
45
Let f(c) = c - 1. What is f(5)?
4
Let w(h) = 12*h + 163. Give w(-12).
19
Let l(c) = 48*c - 49. What is l(1)?
-1
Let l(n) = 9*n - 125. What is l(10)?
-35
Let z(n) = -n**2 - 13*n + 9. Determine z(-11).
31
Let d(p) = -6*p - 4. Determine d(7).
-46
Let z(k) = 2*k**3 - 11*k**2 + 9*k - 21. Determine z(5).
-1
Let h(g) = 10*g - 167. Determine h(13).
-37
Let o(l) = -8*l - 176. Calculate o(-21).
-8
Let w(c) = c**3 - 19*c**2 + 2*c - 46. Calculate w(19).
-8
Let p(n) = -n**2 + 6*n - 1. Calculate p(5).
4
Let y(m) = -79*m - 719. Determine y(-9).
-8
Let y(h) = 15*h - 449. Determine y(30).
1
Let m(l) = -l**2 - 15*l + 19. Calculate m(-16).
3
Let o(i) = -10*i + 5. Give o(6).
-55
Let f(m) = 3*m**2 - 5*m + 3. Determine f(3).
15
Let x(q) = q + 5. Determine x(6).
11
Let d(j) = j**2 + 5*j - 40. What is d(4)?
-4
Let p(f) = 14*f - 7. What is p(-3)?
-49
Let d(s) = -21*s + 5. Calculate d(6).
-121
Let y(p) = -p**2 + p - 2. Give y(0).
-2
Let s(a) = a**2 - 2*a - 19. Give s(10).
61
Let p(k) = 9*k**2. Calculate p(2).
36
Let u(i) = i**3 - 5*i**2 - 12*i + 3. Give u(5).
-57
Let t(h) = h**2 - 4*h - 22. Give t(-5).
23
Let d(h) = -h**2 - 8*h + 10. Determine d(-13).
-55
Let d(l) = 4*l - 146. Calculate d(36).
-2
Let t(i) = -i**2 + 13*i - 52. Give t(6).
-10
Let o(s) = -s**3 + 21*s**2 + 4*s - 31. What is o(21)?
53
Let z(w) = 4*w - 26. Determine z(8).
6
Let k(b) = -2*b + 10. What is k(8)?
-6
Let o(b) = -2*b**2 - b + 8. What is o(-4)?
-20
Let i(q) = -q**2 - 2*q - 1. Determine i(2).
-9
Let q(n) = n**3 + 6*n**2 - 4*n - 4. What is q(-6)?
20
Let b(r) = 3*r**2 + 104*r + 68. Give b(-34).
0
Let k(l) = l**3 + 15*l**2 + 26*l - 1. Give k(-13).
-1
Let l(k) = k**3 + 9*k**2 - 5*k - 42. Determine l(-9).
3
Let k(x) = 15*x**2 + 2*x + 1. Give k(2).
65
Let n(c) = -c**2 + 53*c - 317. What is n(7)?
5
Let l(r) = 3*r**3 + 22*r**2 + 25*r - 1. What is l(-6)?
-7
Let w(u) = -3*u**2 - 3*u + 1. Determine w(-2).
-5
Let o(r) = 2*r. Determine o(0).
0
Let n(a) = 6*a**2 + 3*a + 2. What is n(-2)?
20
Let f(d) = 7*d**2 + 6*d + 6. Calculate f(-3).
51
Let f(g) = g**3 - 7*g**2 - g - 8. Give f(6).
-50
Let a(o) = -o**3 + 12*o**2 - o - 16. What is a(12)?
-28
Let z(t) = 48*t**2 + 2*t + 1. What is z(-1)?
47
Let t(y) = -28*y + 24. Calculate t(4).
-88
Let k(b) = b**3 - 17*b**2 - 15*b - 63. Calculate k(18).
-9
Let j(w) = -w**3 + 7*w**2 + 6*w + 9. Calculate j(8).
-7
Let o(j) = 67*j + 543. Determine o(-8).
7
Let b(t) = -t**2 - 24*t - 19. What is b(-23)?
4
Let y(m) = 107*m**2 + 5*m + 4. Give y(-1).
106
Let a(o) = o**2 - 5*o + 5. Calculate a(5).
5
Let k(c) = c**2 + 15*c + 3. Give k(-14).
-11
Let u(n) = 6*n**2 - n - 3. What is u(2)?
19
Let s(p) = p**2 + 3*p + 71. Give s(0).
71
Let o(p) = -4*p + 24. Give o(11).
-20
Let u(s) = s**3 + 9*s**2 + 8*s - 2. What is u(-8)?
-2
Let d(u) = 2*u**3 + 5*u**2 - 3*u + 2. Give d(-4).
-34
Let w(g) = -10*g - 59. Determine w(-6).
1
Let z(s) = s**2 - 16*s - 22. Give z(16).
-22
Let t(y) = -y**3 + 2*y. Give t(-2).
4
Let z(w) = 3*w + 19. What is z(-10)?
-11
Let y(l) = l**3 + 2*l**2 - 2*l + 6. What is y(-3)?
3
Let k(j) = 25*j - 364. Calculate k(14).
-14
Let m(k) = 10*k**3 - 2*k**2 + 11*k - 5. What is m(2)?
89
Let f(n) = 3*n**2 + 20*n - 8. What is f(-7)?
-1
Let i(l) = -l + 2. What is i(-9)?
11
Let v(x) = 11*x. Determine v(1).
11
Let d(c) = 8*c + 1. Give d(-3).
-23
Let d(g) = -g**3 - 2*g**2 + 15*g + 2. Determine d(-5).
2
Let u(x) = -3*x - 12. Determine u(-4).
0
Let f(s) = 29*s - 53. Give f(2).
5
Let z(q) = 11*q + 69. Give z(-4).
25
Let d(q) = -q**2 + 5*q + 12. Determine d(9).
-24
Let x(o) = o**3 - 9*o**2 + 12*o - 41. Give x(8).
-9
Let p(c) = -c**3 - c**2 + 3*c + 4. What is p(3)?
-23
Let r(q) = -3*q + 4. Give r(0).
4
Let f(m) = 12*m - 119. Determine f(9).
-11
Let y(v) = -19*v**3 - 2*v**2 + v + 1. Determine y(-1).
17
Let m(o) = -o - 13. Determine m(-17).
4
Let u(y) = -9*y + 72. What is u(15)?
-63
Let n(m) = m**2 + 2*m + 7. Determine n(-6).
31
Let x(q) = q**2 - q - 6. Give x(4).
6
Let l(k) = -6*k - 172. What is l(-29)?
2
Let w(p) = -p**2 + 3*p - 9. Calculate w(4).
-13
Let z(d) = -13*d**3 - 8*d + 7. Determine z(1).
-14
Let u(f) = f**3 + 8*f**2 + f + 3. What is u(-8)?
-5
Let d(x) = -9*x + 36. Give d(7).
-27
Let l(c) = -c**3 - 4*c**2 - 2*c + 1. Give l(-3).
-2
Let k(q) = -q**3 - 8*q**2 - 14*q + 6. Give k(-4).
-2
Let w(i) = -i - 44. Give w(-22).
-22
Let h(z) = 11*z + 138. What is h(-5)?
83
Let q(f) = -5*f + 51. Determine q(11).
-4
Let b(t) = 7*t**2 + t - 2. Calculate b(1).
6
Let z(t) = 2*t - 3. Give z(6).
9
Let h(z) = 3*z**2 - 10*z + 2. Calculate h(4).
10
Let k(u) = -u**2 + 11*u - 23. What is k(9)?
-5
Let q(t) = -104*t**2 + 520*t - 5. Calculate q(5).
-5
Let t(s) = -s**2 - 15*s - 61. Give t(-6).
-7
Let i(z) = -16*z + 15. What is i(0)?
15
Let t(n) = -5*n + 83. What is t(21)?
-22
Let k(t) = 15*t - 10. Give k(9).
125
Let o(s) = 9*s**2 + 19*s - 19. Calculate o(-3).
5
Let z(v) = v**3 - 2*v + 6. What is z(0)?
6
Let g(o) = o**3 - 15*o**2 + 14*o - 5. What is g(14)?
-5
Let n(s) = -2*s**2 + 34*s + 11. Determine n(15).
71
Let f(a) = 10*a - 26. What is f(3)?
4
Let y(w) = -3*w - 7. Determine y(-2).
-1
Let q(f) = -4*f - 22. Give q(-11).
22
Let z(f) = 4*f**2 - 154*f + 81. What is z(38)?
5
Let v(p) = 2*p**3 - 22*p**2 + 4*p + 20. Calculate v(11).
64
Let 